4 = -2*i - 3*t, d = -3*t. What is b(i)?
21
Suppose 26 = 2*a + 4*z - z, -2*z + 14 = a. Let n(f) = a*f - f**2 - 22*f - 6 + 19*f. Calculate n(4).
6
Let b(u) = -49*u - 339. Let p be -96 - -95 - 1*6. Let d be b(p). Let x(h) = h**3 - 2*h**2 - 9*h - 3. Calculate x(d).
-7
Let q be ((-160)/(-8))/((-2)/(-7)). Let n = q - 68. Let w(j) = -j**n - 5*j + 1 + 2*j**2 + 4*j. Give w(0).
1
Let d = -31 + 34. Suppose 22 = o + 4*l, 2*o + l - 3 = d*o. Suppose -3*c - 26 = o*r, 6*r + 44 = -4*c + r. Let w(v) = 2*v + 4. Give w(c).
-8
Let s(h) = 2*h + 6. Let d(c) = 598 - 376 + 70*c - 499. Let u be d(4). Calculate s(u).
12
Let z = 12338 - 12333. Let o(r) be the second derivative of 2/3*r**3 - 1/20*r**z + 1/4*r**4 + 0 + 12*r - r**2. Give o(4).
-2
Let q(o) = o**3 - 44*o - 2. Let a be q(0). Let v(j) be the first derivative of -j**3 + j**2 + 2*j - 17. Give v(a).
-14
Let i(n) = -n**2 + 13*n - 8. Let l = -13234 - -7591. Let g be (9/8)/(-3) + l/(-456). Give i(g).
4
Let z be -3 - 4 - -27 - 4. Let a(l) = -7*l + 87. Determine a(z).
-25
Let f = -7145 - -7195. Let u(k) = 5*k - 231. Calculate u(f).
19
Let w(x) = -x + 14. Let g be w(13). Let l(m) = 13*m**2 + m + 1. Let p(q) = 16*q**2 + q + 2. Let h(z) = 3*l(z) - 2*p(z). Give h(g).
7
Suppose -132*p = -134*p - 5*i + 15, -4*p = -2*i - 18. Let g(d) = 16*d - 79. Determine g(p).
1
Let u(b) = 24*b + 0*b - 19 + 4 - 5*b + b. Give u(1).
5
Suppose 4350 = -5*i + 5*z + 1095, -655 = i - 3*z. Let m = i + 649. Let y(o) = -o**2 - 26. Give y(m).
-26
Let m(u) be the first derivative of u**5/60 - 5*u**4/24 + u**3/2 + 63*u**2 - 20. Let p(i) be the second derivative of m(i). What is p(5)?
3
Let s(q) = 38 + 38*q - 19 - 22*q - 9*q - 19. Suppose 0 = -4*w - m - 13, -2*w + m + 0 = 5. What is s(w)?
-21
Let v(g) = g**3 - 13*g**2 + 10*g - 6. Let a(p) = -205*p + 832. Let c be a(4). Calculate v(c).
-30
Suppose -30 = -57*f + 63*f. Let a(x) = -18*x + 3. Let w(o) = 4*o. Let n(g) = f*w(g) - a(g). What is n(6)?
-15
Let o = 773 + -773. Suppose 5*j + o*j + 11 = 2*l, 42 = 5*l + 2*j. Let g(n) be the third derivative of n**5/60 - n**4/3 - n**3 + n**2. Give g(l).
-6
Let g(p) = p**3 + 2*p**2 + 2*p - 5. Suppose -t + 13*s - 8 = 8*s, -2*t = 7*s - 18. Calculate g(t).
15
Let a(q) be the third derivative of -13*q**4/12 - 19*q**3/2 - q**2 + 16*q - 31. What is a(-6)?
99
Let o(n) = 12*n - 68. Let x be o(6). Let y(t) be the third derivative of -2*t**2 + 0*t + t**3 - 1/12*t**4 + 0. Determine y(x).
-2
Let g(w) = 3*w + 1. Let i(s) = 5*s**2 + 52*s + 172. Let m(t) = -12*t**2 - 105*t - 343. Let k(o) = -5*i(o) - 2*m(o). Let f be k(-46). Give g(f).
31
Let z(x) = -x - 12. Let d = 540 - 540. Suppose d*r = 2*r. What is z(r)?
-12
Let s(f) = -f**2 - 14*f - 14. Let g = 520 - 535. What is s(g)?
-29
Let w(c) = 2*c - 10*c + 8*c + c**2 + c. Let p(j) = 2*j**2 - 4. Let k(m) = p(m) - 3*w(m). Determine k(-6).
-22
Let o(t) = 42181 - 84218 + 42109 + t - t**2. What is o(9)?
0
Let w(q) = 5*q + 29. Suppose 3*a + 4*j = 0, 0*a - a - 5 = 3*j. Suppose 4*g = m + m - a, -4*m - 40 = 4*g. Let b be w(m). Let y(i) = i**2 + i. Determine y(b).
0
Let d(h) = 18*h**3 + 2*h**2 - 2*h - 1. Let b(u) = -19*u**3 - 3*u**2 + 3*u + 2. Suppose 667 = -z + 669. Let a(q) = z*b(q) + 3*d(q). Give a(1).
17
Let k(m) be the first derivative of -1/2*m**2 - 2*m - 504. Suppose -5*f = 2*l - 15, 2*f - 4*l - 12 = -2*f. What is k(f)?
-5
Let x(n) be the second derivative of -n**4/12 - 7*n**3/3 - n**2/2 - 20*n + 2. Let a be x(-14). Let o(u) = -23*u - 1. Give o(a).
22
Let f(n) be the second derivative of -1/12*n**4 + 1/2*n**2 + 1/3*n**3 - 242*n + 0. What is f(2)?
1
Let j(r) = 4*r + 5. Suppose 7 = l - 4*h, -31 = -4*l - 4*h + 17. Suppose 3*d = -l*d - 98. Determine j(d).
-23
Let r = -276 - -290. Let x(q) = 16 - 36 - q + r + 0*q + 3*q. What is x(-5)?
-16
Let s(j) = -j**2 - 3*j - 4. Let m be (-1)/(-2)*(3 - -3). Let c be 14/(((-36)/24)/(m/4)). What is s(c)?
-32
Let y(o) = -o**3 - 10*o**2 - 9*o. Let i be (-1 - 239)*64/(-48). Let k = 311 - i. What is y(k)?
0
Let f(q) be the third derivative of -7*q**4/24 - 58*q**2 + 14*q. Calculate f(5).
-35
Let d be -9*-1*(-1 + 2). Suppose 2*z + d = -s - 3*z, 3*z - 1 = s. Let y(x) = -5*x - 46 + 3*x + 0*x + 13 + 18 + 11. Give y(s).
4
Let f(y) be the first derivative of -y**3/6 - y**2 + 59*y - 56. Let q(c) be the first derivative of f(c). Give q(8).
-10
Let n be 16/6 + 8/12*-1. Let z be -4 + n + 3 + 3. Suppose -f = 2*m - 2 - 4, -5*f + 16 = -z*m. Let i(l) = -2*l + 2. What is i(f)?
-6
Let o = 18027 - 18038. Let r(n) = -n**2 + 30*n + 450. Give r(o).
-1
Let b(s) = -4*s - 4. Let c(w) = 10*w + 5. Let n(i) = -4*b(i) - 3*c(i). Let r = 455 + -457. Give n(r).
29
Let j(b) = -b**3 - 13*b**2 - 12*b + 11. Let w(y) = -y**2 + 34*y + 324. Let i be w(-8). What is j(i)?
11
Let w(k) = k - 1. Let l = 26 - 23. Let i(p) = -77 + p + p - p**l + 2*p + 84 - 4*p**2. Let y(g) = i(g) + 2*w(g). Determine y(-5).
0
Let u(v) = -4*v**2 + 639 - 534 + 10*v + 2*v**2 - 17*v. Determine u(-9).
6
Let g(i) be the first derivative of 5*i**2/2 + 25*i - 1317. Determine g(-3).
10
Let c(x) be the third derivative of x**5/30 - 19*x**4/24 + 9*x**3/2 + 92*x**2. Let f be c(8). Let o(t) = 2*t**2 - 4*t + 2. What is o(f)?
8
Let l(n) be the second derivative of 17*n**3/6 - 85*n**2/2 - 1341*n + 1. What is l(5)?
0
Let z(l) = 37 + 41 - 156 - 4*l + 39 + 42. Let k(t) = t - 1. Let v(g) = -5*k(g) - z(g). Determine v(7).
-5
Let j be ((-16)/(-2) - (-12 - (-36 - -24))) + 2. Let h(v) = -11*v + 114. Calculate h(j).
4
Let d(m) = -4*m**3 + m**2 + 2*m + 1. Let b = 226 + -220. Let q be 2 - b/1*11/22. What is d(q)?
4
Let x(r) = r**2 + 48*r - 2. Let f = 3446 - 3446. Give x(f).
-2
Let d(j) = 3*j**3 + 28*j**2 - 48*j + 33. Let i(f) = -11*f**3 - 111*f**2 + 196*f - 130. Let r(x) = 15*d(x) + 4*i(x). Determine r(21).
-4
Let h(l) = 11 - 11*l + 3 + 11 + 11 - 40. Give h(-8).
84
Let x(u) = 2*u**2 - u. Suppose -3*p - 6 = -6*p. Suppose 12 = p*i - 2. Suppose 2*n - 9 = -i. Give x(n).
1
Let t = 9217 - 9222. Let x(u) = -u**3 - 3*u**2 + 0*u**2 + 6*u - u**2 - 1. Give x(t).
-6
Let i = -1 + 3. Let m = i + -2. Let x(d) = 14 - 18694*d**3 + 18693*d**3 + 0 + d**2 + 3. What is x(m)?
17
Let w(j) = 2376*j - 5625. Let i(z) = 41*z - 97. Let x(p) = -117*i(p) + 2*w(p). Calculate x(2).
9
Let c be 22*(0 + (-5)/(-10)) + 0. Suppose 55 - 154 = -c*i. Let m(y) = 3*y - 12. Determine m(i).
15
Suppose 2*x = 5*g + 1, 10 = -2*x - g - 7. Let s(n) = 6*n**2 + 2. Let o(a) = a**3 + 31*a**2 + 8. Let j(c) = o(c) - 4*s(c). Give j(x).
0
Let j(i) = -4*i + 2. Let x(f) = -9*f + 4. Let z(d) = -5*j(d) + 2*x(d). Suppose -g = -4*u - 0*u + 4, 0 = -4*u - 3*g + 4. Calculate z(u).
0
Let b(n) be the first derivative of -n**5/24 + 5*n**4/24 + 25*n**3/3 - n + 39. Let f(k) be the third derivative of b(k). Give f(-4).
25
Let i(r) be the second derivative of r**6/360 + 7*r**5/120 + 7*r**4/24 + 65*r**3/6 - r - 35. Let w(x) be the second derivative of i(x). Calculate w(-7).
7
Suppose 0 = 36*b + 419 - 455. Let q(k) = -38*k - 4. What is q(b)?
-42
Let f(a) be the second derivative of a**5/20 - a**4/3 + 7*a**3/2 - 37*a**2/2 + 1430*a. Determine f(2).
-3
Let q(i) be the second derivative of 77*i - 1/2*i**3 + 0 - 3*i**2. Calculate q(-6).
12
Let a(i) = i**3 + 4*i**2 - 8*i - 20. Suppose -5 = -y - 2*u, -2*u + 10 + 25 = -5*y. Determine a(y).
-5
Let x(t) be the third derivative of -t**6/120 - t**5/10 + t**4/24 + t**3/2 - 622*t**2 + t. Determine x(-6).
-3
Let z be (3 - 61/21) + (-328)/(-84). Let h(u) = 3*u**2 + 3*u - z*u**2 + 3 - 2 - 3. Determine h(2).
0
Let j(i) be the third derivative of i**5/20 + i**4/24 + 2509*i**2 + 2. Suppose 1 = 4*o - 15. Let a = o + -3. Determine j(a).
4
Let s(o) = -2*o**2 + 235*o + 23. Let u(p) = p**2 - 104*p - 11. Let g(a) = -4*s(a) - 9*u(a). What is g(-3)?
10
Suppose 51*v + 3*v - 216 = 0. Let z(a) = -a**2 + 29*a - 93. Give z(v).
7
Let g(o) = o**2 - o**2 + 6*o**2 - 2*o**2 + 1 + 3*o**2. Give g(1).
8
Suppose 51*t + q - 3 = 50*t, -q = -2. Let x(n) = -65*n**3 - 1. Determine x(t).
-66
Let l(z) = 1309 - z - 3964 + 1297 + 1283. Give l(9).
-84
Let t(u) = -6*u - 2. Let v be 190 + -193 - (1/1 + -2). Calculate t(v).
10
Let i(s) be the first derivative of -4*s + s**2 - 6*s + 13*s + 84 + 2*s**3 - 4*s. Calculate i(1).
7
Let o be (28/(-32))/7 + ((-645)/(-40) - 1). Let f(n) = 3*n - 51. Calculate f(o).
-6
Let o(v) = 1. Let r(q) = -3*q**2. Let x(l) = 3*l - 10. Let c be x(3). 